66
Let p(b) = 15*b**2 - 20*b - 133. Let g(k) = -8*k**2 + 9*k + 66. Let a(t) = 11*g(t) + 6*p(t). Let n be a(-3). Calculate the greatest common divisor of n and 9.
9
Let g(u) = 35*u**2 + 33 + 52 - 16*u**2 - u**3 - 11*u**2 - 23*u. Let t be g(4). Calculate the highest common factor of 3 and t.
3
Suppose 4*b + 7398 = 5*b - 3*l, 0 = b - l - 7416. What is the greatest common divisor of 270 and b?
135
Suppose o + 3*h - 1379 + 338 = 0, 4*h - 4212 = -4*o. Calculate the highest common divisor of o and 12.
3
Let c be ((-1)/(-3))/(1/21). Let o be 33/(-15) - (((-16)/(-156))/2 + (-59134)/195). What is the highest common factor of c and o?
7
Suppose -40*h + 73*h - 223*h + 275310 = 0. Calculate the greatest common divisor of 630 and h.
63
Suppose 0 = -5*w + o + 8, 0 = 7*w - 2*w - 4*o - 2. Let f(c) = -c**2 - 18*c - 63. Let j be f(-7). What is the highest common divisor of w and j?
2
Let p = 14409 + -11584. Calculate the greatest common divisor of p and 100.
25
Let y(g) = -8*g + 5. Let m be y(-9). Suppose -19 = -t - 5*r, 7*r - 9 = -t + 12*r. What is the highest common divisor of m and t?
7
Let f(i) = i**3 - 33*i**2 + 60*i + 103. Let w be f(31). Calculate the greatest common divisor of 8569 and w.
41
Suppose 22*v - 28393 = 16751. Suppose 21*u - v = 2211. What is the highest common factor of u and 87?
29
Let b be (96/(-36))/((-2)/24). Let z(l) = 5*l**2 - 207*l + 210. Let v be z(41). What is the highest common factor of b and v?
32
Let h be (-182)/(-28)*-2 + 27. Calculate the greatest common divisor of 172 and h.
2
Suppose 143303*b + 2255 - 143 = 143347*b. Let f be (-2)/5 - (-64)/10. Calculate the highest common factor of f and b.
6
Let t be (-6*(-3)/6)/(2/310). Calculate the highest common divisor of 105 and t.
15
Let n = 112 - 109. Suppose n*y - 9*y = -108. Let s be (1/(-2))/((-7)/252). Calculate the highest common factor of s and y.
18
Suppose -d = l + 2*d - 13, 3*l - 3*d - 99 = 0. Let y = 5713 + -5709. What is the greatest common divisor of l and y?
4
Suppose 120*j - 116*j - 2080 = 0. What is the greatest common divisor of j and 325?
65
Suppose 28 = 4*o + 2*n, 4*n + 8 - 22 = -o. Let g be 60 + -23 + o/2. What is the highest common divisor of 15 and g?
5
Let p = 277 - 161. Let k = 124 - p. Calculate the greatest common factor of 8 and k.
8
Let k(w) = -62*w - 4064. Let j be k(-66). What is the highest common divisor of 315 and j?
7
Let p = 12 + -14. Let q be p*(-1*6 + (-15)/(-5)). Let h be q - 7 - (-2 + -16). Calculate the greatest common factor of h and 85.
17
Let n = 1795 + -1699. What is the greatest common divisor of 544 and n?
32
Let q(u) = -7*u - 29. Let v = -495 - -488. Let x be q(v). What is the greatest common factor of 25 and x?
5
Let p(d) = -d**2 - 3*d + 162. Let b be p(-14). Calculate the greatest common divisor of 370 and b.
2
Let m(s) = -24*s**3 + 200*s**2 + 12*s + 10. Let a be m(8). Calculate the greatest common factor of a and 29973.
309
Let y be (-6 - -11)*(-4)/(-6)*(-360)/(-25). What is the highest common factor of 2328 and y?
24
Let q = 13582 - 11815. Calculate the greatest common divisor of 114 and q.
57
Suppose 0 = 93*o - 19*o - 7030. What is the greatest common divisor of 65 and o?
5
Suppose -40 = -r - r. Let c be 8/(-12) + (-40196)/(-39). Suppose 4*j - 5*y = c, j + 19*y = 22*y + 254. What is the greatest common divisor of r and j?
20
Suppose 7*a = 2*a + m + 458, -m + 462 = 5*a. Suppose -11*u + 40 + a = 0. Calculate the highest common divisor of u and 108.
12
Suppose -4*c - 5*x = 2 + 10, -c + 6 = -x. Suppose 2*o + c*y - 225 = -y, y = -o + 111. What is the highest common divisor of o and 45?
9
Suppose -n - j = -52, -66 = -5*n - 3*j + 194. Suppose 0*t - r + n = t, -3*r + 54 = t. Calculate the highest common factor of t and 459.
51
Suppose 0 = 3*j - 5*a - 227, a = -j + 4*j - 247. Let m be (540/(-945))/((-82)/(-42) + -2). Calculate the greatest common factor of j and m.
12
Suppose -2*m - 3*i = -4224 + 1251, -4*m = 3*i - 5931. What is the highest common divisor of m and 87?
87
Let b be (((-6)/(-4))/((-45)/12))/((-770)/21175). Let g(f) = 14*f**2 - 1. Let l be (-2 + 0)/(2/2). Let p be g(l). What is the highest common factor of b and p?
11
Suppose -85283 = -57*v + 113419. Calculate the greatest common factor of v and 12.
6
Let k(a) = -7*a + 54. Let x be k(7). Suppose -62 = -x*f - 7. Calculate the greatest common factor of 1 and f.
1
Let b be -4 + (3 - 6 - -6). Let u(w) = 10*w - 1. Let r be u(b). Let j be (-2 + 12/10)*(r - 9). Calculate the greatest common factor of j and 64.
16
Suppose 12*d = 20*d + 40. Let p(x) = -3*x**2 - 21*x + 2. Let a be p(d). Calculate the greatest common factor of 144 and a.
16
Let v(m) = 1046*m**2 - 13*m - 14. Let s be v(4). What is the greatest common factor of 10 and s?
10
Let f(x) = -46*x + 15. Let q(v) = v**3 - 7*v**2 - 8*v + 4. Let m be q(8). Let u be f(m). Let k = u + 277. Calculate the highest common divisor of k and 27.
27
Let k be (-240)/(-160) - 25/(-2). Suppose 13*h - k*h = -224. What is the highest common factor of 28 and h?
28
Suppose -6*t + 23 + 7 = 0. Suppose -5*d = -4*q + 5, -3*q + 5*d = -0 - t. Suppose q = -4*b - b + 55. What is the greatest common factor of b and 55?
11
Suppose o + 10*d - 5*d - 1485 = 0, 2 = -2*d. Calculate the highest common divisor of 15 and o.
5
Let s(f) = -5 - 7*f**3 - 1 - 6*f - 2*f - 5*f**2. Let m be s(-2). What is the greatest common divisor of m and 161?
23
Let n(u) = -12*u + 4. Let y be n(-3). Let g(h) = h**3 + 14*h**2 + 23*h. Let c = 619 - 627. Let v be g(c). What is the highest common factor of v and y?
40
Let n be (4 - 20)*(-18)/24. Let y = 314 + -230. What is the highest common factor of y and n?
12
Let c be (8/20 - 30654/(-65)) + -10. Calculate the highest common divisor of c and 11319.
231
Let n(f) = -10 - 22 + 51*f - 12*f**2 + 10 + 8*f**2. Let m be n(12). What is the highest common divisor of m and 308?
14
Let w(l) = -2*l - 3. Let v be w(-5). Let m be ((-3542)/10)/v - (-4)/(-10). Let j = m + 90. Calculate the greatest common factor of j and 156.
39
Let y = 66 + -91. Let z = y + 29. Let f be (-1)/(-3)*z*(-279)/(-62). What is the greatest common divisor of 30 and f?
6
Let o be 10/105 - (-60)/2016 - (-44604)/32. Calculate the highest common factor of o and 68.
34
Suppose -28*f - 49 = -21. Let s be (f + 7)/(((-88)/48)/(-11)). Let z(r) = r**2 + 9*r + 14. Let b be z(-10). What is the highest common divisor of s and b?
12
Let d(c) = 27*c**2 + 45*c - 1337. Let u be d(31). Calculate the greatest common factor of 35 and u.
35
Suppose -4*i - 8*i + 72 = 0. Let f = 50 - i. What is the highest common divisor of 66 and f?
22
Let m = -2789 + 2822. Calculate the greatest common factor of m and 1584.
33
Suppose -114*o + 8800 = -43*o - 46*o. Let j = -39 + 61. What is the highest common factor of j and o?
22
Suppose -2 - 58 = -10*p. Suppose 4*u + 2*m - 18 = 0, -p = -2*u + 2*m - 0. Suppose -177*l = -176*l - u. Calculate the greatest common factor of l and 6.
2
Let l be (-6)/(-8)*(-104)/(-6). Suppose l*w = 6*w + 5187. What is the highest common factor of 26 and w?
13
Let q be (-86844)/(-8) - (-111)/(-74). What is the highest common divisor of q and 162?
162
Let n be ((-1718)/(-12) - (-36)/(-54))*6. What is the highest common divisor of n and 40?
5
Suppose 22*q - 1131 - 387 = 0. Suppose -q*y + 54*y = -2850. What is the greatest common divisor of y and 114?
38
Let v = 3 - -2. Suppose 3 + 9 = 3*r - v*m, 0 = 2*m - 6. What is the highest common divisor of 21 and r?
3
Let i = -64 - -24. Let l = i + 62. Let p be ((-154)/21)/(2/(-3)). What is the greatest common factor of l and p?
11
Let i(o) = -87*o + 78. Let w be i(-2). What is the greatest common divisor of w and 532?
28
Let p be (4/12 - 1)/((-2)/(-144)). Let d be (-20)/(-8)*p/(-20). Calculate the highest common divisor of d and 15.
3
Let i be -75 + (-20)/(-5) - 0. Let r = -14 + i. Let d = -79 - r. What is the highest common factor of 6 and d?
6
Suppose -3*d - 15 = 0, -4*f + 1865 = -170*d + 165*d. What is the highest common factor of f and 70?
10
Let q be 6/(-1)*17/(51/(-700)). Calculate the greatest common factor of q and 100.
100
Suppose -4*f = -21*f + 4471. Let g = -236 + f. Calculate the greatest common factor of g and 432.
27
Let u(g) = -4*g**3 - 3*g**2 + 2*g + 4. Suppose -11*h - 22 = -0*h. Let n be u(h). Calculate the greatest common divisor 